53.
892752953
List the prime factors of 40145767.
1721, 23327
What are the prime factors of 129171711?
3, 43057237
What are the prime factors of 674298080?
2, 5, 73, 57731
What are the prime factors of 22892270?
2, 5, 37, 61871
What are the prime factors of 898734755?
5, 73, 2462287
List the prime factors of 341257682.
2, 170628841
What are the prime factors of 187313907?
3, 11, 5676179
What are the prime factors of 286162105?
5, 17, 53, 63521
List the prime factors of 166467484.
2, 41616871
What are the prime factors of 4553789254?
2, 7, 325270661
What are the prime factors of 26295528?
2, 3, 7, 156521
List the prime factors of 53244987.
3, 1621, 10949
List the prime factors of 1608349726.
2, 43, 179, 104479
What are the prime factors of 97412462?
2, 7, 6958033
What are the prime factors of 820618?
2, 71, 5779
What are the prime factors of 2341474?
2, 59, 19843
What are the prime factors of 3537859360?
2, 5, 7, 131, 24113
List the prime factors of 620802611.
11, 13, 4341277
List the prime factors of 27282599.
4583, 5953
What are the prime factors of 579487080?
2, 3, 5, 19, 254161
What are the prime factors of 96906574?
2, 19, 29, 47, 1871
What are the prime factors of 6301312582?
2, 17, 257, 721139
List the prime factors of 4026459.
3, 1342153
What are the prime factors of 492915567?
3, 9227, 17807
List the prime factors of 142430596.
2, 7, 11, 462437
List the prime factors of 3736664628.
2, 3, 277, 1124147
What are the prime factors of 1988343170?
2, 5, 11, 877, 20611
List the prime factors of 115052624.
2, 23, 312643
What are the prime factors of 1050084387?
3, 11, 47, 127, 1777
What are the prime factors of 865637?
865637
What are the prime factors of 557889582?
2, 3, 92981597
What are the prime factors of 134873590?
2, 5, 19, 709861
List the prime factors of 369418154.
2, 7, 3769573
What are the prime factors of 241409432?
2, 11, 2743289
What are the prime factors of 577187151?
3, 43, 97, 193, 239
List the prime factors of 104278222.
2, 52139111
List the prime factors of 49660456.
2, 167, 37171
What are the prime factors of 803767989?
3, 89, 3010367
List the prime factors of 2332873289.
2332873289
What are the prime factors of 35706869?
11, 3246079
What are the prime factors of 1638940175?
5, 65557607
List the prime factors of 21941555.
5, 37, 118603
What are the prime factors of 49096379?
49096379
What are the prime factors of 2910330015?
3, 5, 13171, 14731
What are the prime factors of 9003601?
29, 73, 4253
List the prime factors of 2351164755.
3, 5, 229, 684473
List the prime factors of 435014584.
2, 1069, 50867
List the prime factors of 2192457.
3, 730819
What are the prime factors of 225115323?
3, 113, 443, 1499
What are the prime factors of 13191506?
2, 1321, 4993
List the prime factors of 145653890.
2, 5, 59, 173, 1427
What are the prime factors of 2913058115?
5, 11, 52964693
List the prime factors of 45389592.
2, 3, 17, 47, 263
List the prime factors of 377098489.
4723, 79843
List the prime factors of 115013363.
23, 5000581
What are the prime factors of 2072923039?
11, 37, 389, 13093
What are the prime factors of 832895943?
3, 11, 17, 1484663
List the prime factors of 4827425979.
3, 73, 22043041
What are the prime factors of 191460751?
47, 53, 101, 761
What are the prime factors of 834062665?
5, 19, 8779607
List the prime factors of 399504791.
7, 227, 733
What are the prime factors of 1209967915?
5, 13, 283, 65777
List the prime factors of 8970690.
2, 3, 5, 23, 13001
List the prime factors of 188166178.
2, 3373, 27893
What are the prime factors of 198542794?
2, 6553, 15149
List the prime factors of 32036085.
3, 5, 711913
List the prime factors of 1548705160.
2, 5, 59, 107, 6133
What are the prime factors of 27744646?
2, 17, 816019
List the prime factors of 54922010.
2, 5, 11, 13, 193, 199
What are the prime factors of 42434462?
2, 7, 73, 41521
What are the prime factors of 262424418?
2, 3, 127, 241, 1429
What are the prime factors of 59658688?
2, 23, 40529
What are the prime factors of 156935750?
2, 5, 487, 1289
What are the prime factors of 242934717?
3, 23, 41, 79, 1087
What are the prime factors of 825885330?
2, 3, 5, 17, 1619383
What are the prime factors of 17241203?
7, 2463029
List the prime factors of 1830485308.
2, 19, 24085333
What are the prime factors of 2951958059?
7561, 390419
List the prime factors of 332500513.
19, 31, 47, 12011
What are the prime factors of 8264920790?
2, 5, 7, 118070297
What are the prime factors of 108958119?
3, 36319373
List the prime factors of 51976938.
2, 3, 13, 43, 15497
What are the prime factors of 47893165?
5, 17, 563449
List the prime factors of 4966465581.
3, 7, 11, 131, 227, 241
List the prime factors of 22988234.
2, 11494117
List the prime factors of 34160457.
3, 11386819
What are the prime factors of 815042373?
3, 17, 19, 229, 3673
What are the prime factors of 8120743525?
5, 324829741
List the prime factors of 172637901.
3, 367, 52267
What are the prime factors of 60009654?
2, 3, 103, 97103
What are the prime factors of 225649131?
3, 75216377
List the prime factors of 3473207277.
3, 19, 103, 233, 2539
What are the prime factors of 138594073?
8779, 15787
List the prime factors of 2440044743.
2440044743
List the prime factors of 859724569.
11, 78156779
What are the prime factors of 50280129?
3, 1862227
List the prime factors of 5682506.
2, 163, 17431
List the prime factors of 6618978782.
2, 13, 254576107
List the prime factors of 55712822.
2, 11, 2532401
List the prime factors of 70114355.
5, 14022871
List the prime factors of 2334630188.
2, 11, 317, 167381
What are the prime factors of 645917227?
17, 61, 10211
List the prime factors of 7815998.
2, 23, 169913
List the prime factors of 806665158.
2, 3, 13, 163, 21149
List the prime factors of 573089971.
389, 1473239
List the prime factors of 1657728990.
2, 3, 5, 17, 40129
List the prime factors of 3988201765.
5, 797640353
List the prime factors of 206691333.
3, 68897111
What are the prime factors of 6114562?
2, 3057281
What are the prime factors of 57447670?
2, 5, 7, 820681
What are the prime factors of 37480755?
3, 5, 13, 73, 2633
What are the prime factors of 117461188?
2, 13, 1061, 2129
List the prime factors of 47555634.
2, 3, 7, 47, 24091
What are the prime factors of 172374631?
11, 13, 19, 63443
List the prime factors of 39350228.
2, 9837557
What are the prime factors of 581543940?
2, 3, 5, 9692399
List the prime factors of 82480619.
13, 488051
List the prime factors of 209663285.
5, 13, 23, 59, 2377
What are the prime factors of 286278982?
2, 11, 257, 4603
What are the prime factors of 106253113?
151, 703663
List the prime factors of 1161132237.
3, 19, 6790247
What are the prime factors of 105817682?
2, 2657, 19913
What are the prime factors of 771172021?
103, 7487107
List the prime factors of 738801831.
3, 67, 3675631
List the prime factors of 1395158558.
2, 697579279
List the prime factors of 7569554973.
3, 29, 87006379
What are the prime factors of 1526073572?
2, 381518393
List the prime factors of 149503735.
5, 101, 296047
What are the prime factors of 20135706?
2, 3, 19, 176629
List the prime factors of 1762119809.
281, 6270889
List the prime factors of 56943081.
3, 13, 17, 3181
List the prime factors of 44280342.
2, 3, 17, 37, 3911
What are the prime factors of 2812066999?
7, 61, 1609, 4093
List the prime factors of 3333540527.
3333540527
List the prime factors of 47874360.
2, 3, 5, 29, 13757
List the prime factors of 83043648.
2, 3, 144173
List the prime factors of 145926416.
2, 73, 101, 1237
List the prime factors of 333224523.
3, 4113883
List the prime factors of 109890411.
3, 2357, 15541
List the prime factors of 166899432.
2, 3, 7, 419, 2371
What are the prime factors of 54665803?
31, 1763413
List the prime factors of 223577404.
2, 17, 127, 25889
List the prime factors of 30119125.
5, 240953
What are the prime factors of 373911060?
2, 3, 5, 6231851
What are the prime factors of 145550792?
2, 19, 83, 139
What are the prime factors of 158303902?
2, 79151951
What are the prime factors of 233459088?
2, 3, 67, 229, 317
What are the prime factors of 50130668?
2, 7, 691, 2591
What are the prime factors of 72448266?
2, 3, 11, 73, 1367
List the prime factors of 13346675.
5, 149, 3583
What are the prime factors of 35500522